 t and z.
3
Let q be 3/3 + -2 - -2. Let a = -6 + 1. Let b = a - -7. Calculate the greatest common divisor of b and q.
1
Let i = 7 + -5. Let h be 13 + ((-12)/i)/2. Calculate the highest common factor of 80 and h.
10
Suppose 4*a - 3*a = 12. Suppose -3*s = -0*s - a. Calculate the greatest common divisor of s and 32.
4
Suppose -d = 5 - 21. Let m be (-2)/(-2) - 7/(-1). What is the highest common divisor of d and m?
8
Let a be (1 - -1)*-1 - -128. Suppose 0 = -3*c + 66 + a. Suppose -5*o + c = -386. What is the greatest common divisor of 9 and o?
9
Suppose 4*l - 10 = 2. Suppose 0 = -l*c + 27. Calculate the greatest common divisor of c and 18.
9
Suppose 2*m - 128 = -2*m. What is the highest common factor of 8 and m?
8
Let n(k) = -k**2 - 4*k + 1. Let w be n(-2). Suppose 53 = 2*r + 5*l, 3*l - 90 = -w*r - l. Calculate the highest common divisor of 21 and r.
7
Let z(m) = -m + 10. Let b be z(8). What is the highest common factor of b and 2?
2
Suppose -4*g = -45 - 83. Suppose j + s = 4, -j = -5*s + 4 - g. Calculate the highest common divisor of j and 32.
8
Let m = 1 - -3. Suppose -z = -2 + m. Let n = z + 4. What is the highest common divisor of n and 8?
2
Let s(y) = y**3 - 10*y**2 - 10*y - 6. Let g be s(11). Let x(i) = i**2 - 2*i + 9. Let w be x(g). Calculate the highest common factor of 6 and w.
6
Let w(t) = -5*t + 0 + 3 + 3 - t**2. Let c be w(-6). Suppose 2*p = -3 + 5, -3*j + p + 14 = c. What is the highest common factor of 5 and j?
5
Suppose -3*p = -4*c + 13, -c = 3*c - 5*p - 11. Suppose -50 = -2*z - 3*k + 4, -16 = -c*k. Let g = 12 + 2. What is the greatest common divisor of z and g?
7
Let a = 35 - 8. Let k = 414 - 387. What is the highest common factor of a and k?
27
Let y be 4/(-6) - 775/(-15). Suppose 2*p - y = 4*o - 5, 40 = 4*p + 5*o. Calculate the greatest common divisor of p and 3.
3
Let w = -3 + 8. Suppose u - 24 = -3*u - p, 0 = p + 4. Let v(s) = -s**3 + 8*s**2 - 5*s + 6. Let h be v(u). Calculate the highest common factor of w and h.
5
Let m = 1 - -7. Let n(b) = b + 6. Let x be n(-6). Suppose -2*g - 64 = -q, 0*q - 4*q - 4*g + 304 = x. What is the greatest common divisor of m and q?
8
Let s = -11 + 47. Let p be (2/3)/((-20)/(-270)). Calculate the highest common factor of p and s.
9
Let x(t) = t**3 + 8*t**2 + 6*t - 6. Let u be x(-6). What is the greatest common factor of 240 and u?
30
Let t = -59 - -139. What is the highest common factor of t and 200?
40
Let v(k) = k**2 - 7*k - 7. Let x be v(6). Let r = -2 - x. Let g(y) = y**2 - 6*y - 5. Let h be g(9). Calculate the highest common divisor of r and h.
11
Suppose 0 = 2*j - j - 2. Suppose -m - 8 = -j*m. Suppose -154 = -3*u + 38. What is the highest common factor of m and u?
8
Suppose -3*o + 26 = -o. Calculate the highest common divisor of o and 65.
13
Let u = -10 + 26. Suppose -u*z = -14*z - 108. What is the highest common divisor of 9 and z?
9
Suppose -4*s + 128 = -2*s. Let c be (-60)/(-3)*(-4)/(-10). Calculate the highest common divisor of s and c.
8
Let o be 20/25*325/2. Suppose k - o = -k. Calculate the highest common factor of 26 and k.
13
Suppose -5*k + 15 = -0*k. Suppose 8*o = k*o - 20, 4*o + 58 = 3*i. Suppose -388 = -3*y - 5*f, y - 3*f = 3*y - 258. What is the highest common factor of y and i?
14
Let y be (-12)/8 + 146/(-4). Let a be (1 - (-3)/(-2))*y. Calculate the highest common divisor of 19 and a.
19
Let j be ((-14)/1)/((4/9)/(-2)). Calculate the highest common divisor of 27 and j.
9
Let m = -2 + 10. Suppose 20 = 5*s + t, 0 = -10*s + 5*s + 5*t + 20. What is the highest common factor of m and s?
4
Suppose -3*g = q - 31, 3*g = -5*q + q + 16. Let l = 35 + -23. Suppose 0*n - n + l = 0. Calculate the greatest common factor of n and g.
12
Let u(q) = 2*q**3 - 2*q**2. Suppose -7*f = -2*f - 15. Let a be u(f). Calculate the highest common divisor of 54 and a.
18
Let s = -1940 + 3759. Suppose 7*y = 4*y + 5*n + s, 4*y - 3*n - 2440 = 0. Suppose y = 5*o + 213. Calculate the greatest common factor of o and 10.
10
Let y = 81 + -23. Let p = -30 + y. Let c be 40/(-4)*p/(-5). What is the highest common divisor of 8 and c?
8
Let u = 29 - -7. Calculate the greatest common factor of 48 and u.
12
Let z(o) = -o**2 - 5*o - 3. Let u be z(-3). Suppose 154 = -u*s + 5*s. What is the greatest common factor of s and 7?
7
Let s(k) = 5 - 22*k - k - 4. Let v be 5*(0 + -1) - -2. Let g be s(v). What is the highest common factor of g and 28?
14
Suppose -4*j + 257 = 5*s, j - 24 - 38 = -2*s. Let q be 2*(-1 - -9) - -1. Calculate the greatest common divisor of q and j.
17
Let n be (5 + -3)*(-11)/((-44)/24). Calculate the highest common factor of n and 30.
6
Let k = -71 - -99. Let a be 20/(-15)*21/(-2). What is the greatest common factor of k and a?
14
Suppose -3*y = y - 172. Let d = 42 + -62. Let x = y + d. Calculate the highest common divisor of x and 207.
23
Let m(b) = b**3 - b**2 - 3*b. Let i be m(3). Let w(l) = 6*l - 10. Let t be w(i). Let z = -17 - -28. Calculate the highest common divisor of z and t.
11
Let z be (9/(-6))/(-3)*4. Let u be 1/z - (-570)/12. Let n be -1 + u + (-3)/3. What is the highest common divisor of n and 23?
23
Suppose 0 = 12*r - 14*r + 62. What is the greatest common factor of 31 and r?
31
Suppose p - 5*o = -4, 3*o + 46 = p + 4*p. Calculate the greatest common divisor of p and 55.
11
Suppose 4*g - 101 - 939 = 0. Calculate the greatest common factor of 52 and g.
52
Suppose 0 = -2*t - 2*r, -3*t - 6 + 2 = 5*r. Let i be 3*2/3*7. Calculate the greatest common factor of i and t.
2
Suppose a - 31 = 2*r + r, 0 = 5*a + 2*r - 240. Let i be -3 - a/(-1)*1. Let k = 88 - i. Calculate the greatest common factor of 15 and k.
15
Let j(h) = -h**3 - 3*h**2 + h - 3. Let u be j(-4). Let r = 45 + -36. Calculate the greatest common divisor of r and u.
9
Suppose -2*o + 23 = r, 5*o + 2*r = r + 50. Suppose z - 1 = -0*z. What is the highest common factor of z and o?
1
Let z be 38/(-4) - 11/(-22). Let x(a) = -a**3 - 10*a**2 - 10*a + 3. Let c be x(z). Calculate the highest common factor of c and 60.
12
Suppose w + 3 = 0, -z - 3*w = 2*z. Suppose 4*n = -z*d + 3, 2*n = d - 5*d + 4. Let m be 38 - ((1 - 0) + d). What is the highest common divisor of m and 4?
4
Suppose 2*d = 3*m + 37, -5*d - m + 88 = -4*m. Calculate the greatest common factor of 34 and d.
17
Let a be 2/9 - (-34)/9. Suppose a*n = 22 - 6. Suppose 5*b = 4*r + 60, -2*b - n*r + 22 = -6*r. What is the greatest common factor of 64 and b?
16
Let d = -88 - -151. Suppose 13 - d = -5*q. Calculate the highest common divisor of 80 and q.
10
Let d be 3/6*0/2. Suppose 3*c + 6*k = 3*k + 159, -4*k + 8 = d. Let o be (-101)/(-3) - (-4)/12. Calculate the greatest common divisor of o and c.
17
Let q = 11 - 11. Let l(o) = o**2 + 2*o + 1. Let m be l(2). Suppose y - m - 5 = q. Calculate the greatest common divisor of 56 and y.
14
Let n(c) = -5*c - 5. Let g be n(-4). Let w(u) = u**2 + 3*u + 3. Let k be w(-3). Suppose k*f = 3 + 6. What is the greatest common factor of f and g?
3
Let o(t) = t. Let u(x) = -6*x + 2. Let i(a) = 5*o(a) + u(a). Let p be i(6). Let j be (-21)/(-2) + (-6)/p. Calculate the highest common factor of 12 and j.
12
Suppose -25 = -3*u - 2*u. Let j = -25 + 60. What is the greatest common factor of u and j?
5
Let j(r) = -13*r + 31. Let y be j(2). Suppose a - 200 = -4*a. What is the greatest common divisor of a and y?
5
Suppose -2*j = 3*v - 131, -j - 92 = -2*v - 0*j. Let n(a) = a**3 + 5*a**2 + a - 3. Let x be n(-4). Calculate the greatest common divisor of v and x.
9
Let r be 16/(-28) + 256/7. Calculate the highest common divisor of r and 12.
12
Suppose 4*a + 17 - 1 = 0, -3*y + a + 196 = 0. Calculate the greatest common divisor of y and 8.
8
Let w = -10 + 29. What is the greatest common factor of 133 and w?
19
Let d(f) = -f**3 + 10*f**2 + 12*f - 10. Let r be d(11). Calculate the greatest common divisor of r and 5.
1
Suppose -q = 2*q - 162. Calculate the greatest common divisor of 135 and q.
27
Let m be -7*(48/(-63) + (-6)/9). What is the greatest common divisor of 30 and m?
10
Suppose -5*c = -0*c - 15. Calculate the highest common factor of c and 9.
3
Let p = -37 - -82. Let l be 1 + 1/(-1) + p. Calculate the greatest common divisor of 9 and l.
9
Suppose 0 = x + 6*x - 539. Let k(w) = -w**2 + 9*w + 3. Let l be k(8). Calculate the greatest common factor of l and x.
11
Let x(y) = -y*